818
In base 14, what is 2 + -22b9?
-22b7
In base 11, what is 52 - 16?
37
In base 7, what is 3 - 1000?
-664
In base 12, what is 645 - 3?
642
In base 8, what is 4 + -4424?
-4420
In base 9, what is 32 + 15?
47
In base 9, what is -32 - 30?
-62
In base 11, what is 5 + -78?
-73
In base 3, what is -11 + -12121111?
-12121122
In base 4, what is 1300322 + 1?
1300323
In base 9, what is 1002 - -3?
1005
In base 4, what is -103 + -111?
-220
In base 11, what is -5 - -2a?
25
In base 16, what is -a7 + -3?
-aa
In base 11, what is 5 + -14?
-a
In base 15, what is b6c + 5?
b72
In base 7, what is -1412 - -5?
-1404
In base 8, what is -144 + 1?
-143
In base 13, what is 55 + 11?
66
In base 2, what is 1 - 11110010?
-11110001
In base 13, what is -1 + -31?
-32
In base 10, what is -11 + 14?
3
In base 5, what is 10 + -1330?
-1320
In base 8, what is -3 - 51?
-54
In base 7, what is 10 - -1415?
1425
In base 16, what is -b1 - -5?
-ac
In base 5, what is 21 + -2?
14
In base 6, what is -10 + -5124?
-5134
In base 12, what is 5 - -11?
16
In base 15, what is 2 - 1c0?
-1bd
In base 12, what is -329 - 1?
-32a
In base 2, what is 1101101100 + 1010?
1101110110
In base 7, what is 160112 - 2?
160110
In base 15, what is -428d - 0?
-428d
In base 7, what is -2 - -145?
143
In base 11, what is 3 - -412?
415
In base 11, what is -19 + -71?
-8a
In base 7, what is 6625 + -2?
6623
In base 14, what is 2 - -962?
964
In base 9, what is -22 - 21?
-43
In base 16, what is -7 - 2?
-9
In base 15, what is -1 + 232?
231
In base 12, what is -480 - -15?
-467
In base 9, what is -63 + 6?
-56
In base 16, what is d + 26?
33
In base 3, what is -212 - 11121?
-12110
In base 2, what is -111011001010 - 10?
-111011001100
In base 13, what is 414a - -1?
414b
In base 6, what is 2 + 22?
24
In base 9, what is 3 + 750?
753
In base 13, what is -5b9a + 2?
-5b98
In base 11, what is 64 + 3?
67
In base 11, what is -1 + 18?
17
In base 15, what is -3 - 86c?
-870
In base 9, what is -315 - -6?
-308
In base 5, what is 13141 + 4?
13200
In base 13, what is -12 - -651?
63c
In base 13, what is -3 + 15?
12
In base 15, what is -1a6 - -1?
-1a5
In base 5, what is 312 - 11?
301
In base 12, what is 142 - 0?
142
In base 2, what is -1100010 + 101010?
-111000
In base 5, what is -11 + 1?
-10
In base 2, what is 111000100 + 11?
111000111
In base 8, what is 16 - -2701?
2717
In base 16, what is -2 + -35b?
-35d
In base 7, what is 21154 + 5?
21162
In base 8, what is 12 - 172?
-160
In base 12, what is -7 - 82?
-89
In base 12, what is -2 + -2619?
-261b
In base 5, what is 244 - -211?
1010
In base 12, what is 30 - 1a?
12
In base 7, what is -25103 + 5?
-25065
In base 13, what is 14 - -5ba?
601
In base 4, what is 11 - -3200?
3211
In base 10, what is -3929 - 3?
-3932
In base 7, what is -3032 + 10?
-3022
In base 16, what is f85 + -5?
f80
In base 15, what is -2 - -3ca?
3c8
In base 4, what is -111230 - 10?
-111300
In base 6, what is -3 + 252?
245
In base 8, what is 1 - -11?
12
In base 13, what is -6 + -1800?
-1806
In base 6, what is 401 - -2?
403
In base 10, what is 35 + -78?
-43
In base 11, what is 5 - 77?
-72
In base 3, what is 2111 - -21101?
100212
In base 10, what is -2493 + 6?
-2487
In base 15, what is 5 + -12e?
-129
In base 13, what is 3 - a78?
-a75
In base 11, what is 273 - 1?
272
In base 5, what is -122124 + 2?
-122122
In base 16, what is -697 + 5?
-692
In base 10, what is 6 + -15?
-9
In base 14, what is d6 + 3?
d9
In base 12, what is -7 - 8?
-13
In base 14, what is -4 - -58?
54
In base 13, what is -1b - 2?
-20
In base 13, what is 14 - 6?
b
In base 15, what is -56 - 18?
-6e
In base 7, what is 6 - 3602?
-3563
In base 9, what is -1 + 1658?
1657
In base 15, what is -213 + 3?
-210
In base 16, what is -e - -108?
fa
In base 16, what is -2aa + 3?
-2a7
In base 9, what is 355 - -5?
361
In base 15, what is -34 + -4?
-38
In base 16, what is 24 + 2a9?
2cd
In base 14, what is b0 + -a?
a4
In base 5, what is -4 + -210?
-214
In base 8, what is 3702 - 3?
3677
In base 15, what is -1a + -40?
-5a
In base 12, what is 8b + 10?
9b
In base 9, what is -4 + 7?
3
In base 13, what is -80 + a?
-73
In base 4, what is -13 - 110?
-123
In base 7, what is 24 - -13?
40
In base 15, what is 5 + -33?
-2d
In base 7, what is 6 + 10032?
10041
In base 4, what is -232 - 3123?
-10021
In base 5, what is 1431 + 10?
1441
In base 9, what is 11 - 82?
-71
In base 10, what is -3 - -308?
305
In base 8, what is -357 + 5?
-352
In base 14, what is -37 + 21?
-16
In base 6, what is 2 + 35?
41
In base 7, what is 106 - 21?
55
In base 13, what is 1 - 690?
-68c
In base 12, what is 3246 + -1?
3245
In base 15, what is 0 - 32?
-32
In base 12, what is -13 - -24?
11
In base 15, what is 3 + 3d?
41
In base 5, what is -203401 + -4?
-203410
In base 7, what is -1 + 102?
101
In base 9, what is 133 - -8?
142
In base 2, what is -10011001 + -10001?
-10101010
In base 15, what is 19 - 4?
15
In base 9, what is 2 + 4?
6
In base 9, what is 4 - -10?
14
In base 13, what is -4 + -519?
-520
In base 10, what is -1 - -21?
20
In base 3, what is 211 + -11100?
-10112
In base 16, what is -2 - 125?
-127
In base 5, what is -42 + -24?
-121
In base 4, what is -11 + -10?
-21
In base 11, what is 2 - -281?
283
In base 2, what is 100000 + -1100?
10100
In base 15, what is -31 + -4?
-35
In base 9, what is -138 - 178?
-327
In base 15, what is 0 - -40?
40
In base 13, what is 3 - 849?
-846
In base 15, what is -6 - -4?
-2
In base 16, what is 0 - -26?
26
In base 5, what is 4 + 1202?
1211
In base 3, what is 22221 + 12022?
112020
In base 14, what is 241 - -5?
246
In base 12, what is 2 - -3a?
40
In base 16, what is -232 + -2?
-234
In base 2, what is 111000110 + 1?
111000111
In base 15, what is -d - 69?
-77
In base 10, what is -16 - -67?
51
In base 2, what is -11110011 - 1101?
-100000000
In base 4, what is -3 - 320?
-323
In base 6, what is 1114 + 3?
1121
In base 5, what is -221 + -3?
-224
In base 15, what is 11 + a?
1b
In base 2, what is 10010100 - -101?
10011001
In base 16, what is 20 - 48?
-28
In base 4, what is 20 + 110?
130
In base 4, what is -11 - 133?
-210
In base 7, what is -143 + -6?
-152
In base 5, what is 410 - -11?
421
In base 8, what is -3607 + -3?
-3612
In base 8, what is -32203 + 3?
-32200
In base 12, what is 1 - -51?
52
In base 13, what is -75c1 + 4?
-75ba
In base 13, what is -56 + -4?
-5a
In base 3, what is 222210 - -100?
1000010
In base 3, what is 11011 - -112?
11200
In base 4, what is 21233 + -11?
21222
In base 8, what is 27 - 503?
-454
In base 9, what is 3 + 1270?
1273
In base 4, what is 10 + -13201?
-13131
In base 13, what is 5 - -12c?
134
In base 6, what is 4 - -123?
131
In base 4, what is -213 - -3?
-210
In base 6, what is -154 - -30?
-124
In base 7, what is 2150 + 5?
2155
In base 15, what is -1b3 - 25?
-1d8
In base 12, what is -b820 + 5?
-b817
In base 14, what is -8 + 0?
-8
In base 10, what is -121 + 0?
-121
In base 14, what is -4 - 65?
-69
In base 12, what is 12 + 3a?
50
In base 3, what is 1110 + -10?
1100
In base 14, what is -2 - -d3?
d1
In base 8, what is -20 - -556?
536
In base 5, what is -1 - -2033?
2032
In base 6, what is -52 + -2?
-54
In base 12, what is -7a39 + 0?
-7a39
In base 4, what is 133002 - 10?
132332
In base 9, what is -66 + -20?
-86
In base 5, what is -1204 - -31?
-1123
In base 16, what is -3 + -20?
-23
In base 9, what is 3 - -334?
337
In base 6, what is -405 + 1?
-404
In base 7, what is -205 + 3?
-202
In base 10, what is 4 + 39?
43
In base 13, what is -4 + -267?
-26b
In base 2, what is 10111 - 1000010?
-101011
In base 15, what is -14 - 3c?
-51
In base 8, what is 35 + -70?
-33
In base 14, what is -5 + -58?
-5d
In base 16, what is 49 - -4?
4d
In base 4, what is 11 - -201222?
201233
In base 12, what is -21 - -11?
-10
In base 15, what is -642 - -4?
-63d
In base 15, what is 4 - 353?
-34e
In base 11, what is -194 - 1a?
-203
In base 13, what is -35 - 5?
-3a
In base 6, what is 3351 - -5?
3400
In base 6, what is -103 + -23?
-130
In base 4, what is 112 + -2130?
-2012
In base 8, what is 2011 - 1?
2010
In base 6, what is -10 - -35410?
35400
In base 7, what is 2 - -23?
25
In base 16, what is 20 + -3?
1d
In base 3, what is 11002 - -120?
11122
In base 4, what is -200 - -30?
-110
In base 11, what is 554 - -14?
568
In base 15, what is -a36 + -2?
-a38
In base 5, what is 1103332 + -10?
1103322
In base 15, what is 359 + -5?
354
In base 16, 